0 = 3*f - s + 1, -6*s + s + d = 4*f. What is g(f)?
-2
Let f(j) be the first derivative of j**3/3 - 19*j**2/2 + 12*j + 3004. What is f(8)?
-76
Let f(h) be the first derivative of h**2/2 + 2*h + 4. Suppose 0 = -2*l - 4, -5*o - l + 61 = l. Suppose -6*p = -3*g - 5*p - o, 4*g - 4*p = -4. Give f(g).
-4
Let h = 80 + -35. Suppose h = -5*o + 5*u, 6*o + 5*u = 3*o - 19. Let l(q) = -5 + 7736*q + 2 - 7734*q. Calculate l(o).
-19
Let d(z) = 14*z**2 - 2*z - 2. Let f(b) = 20*b**2 - 3*b - 1. Let c(j) = 3*d(j) - 2*f(j). Let a be (1/1)/((-2)/(-4)). What is c(a)?
4
Let c(j) = 45 + 44 - 125 + 15*j + 43. Calculate c(0).
7
Let j be (-211)/2954 - 127/(-14). Let r(i) = -9*i + 22. Determine r(j).
-59
Let g(s) = -2*s**2 - 9*s - 3. Let n be 1*11 - (327 + -309). Calculate g(n).
-38
Let m(c) = -3*c**2 - 12*c + 0*c**2 + 24 + 35 + 33 - 93 + c**3. Determine m(-3).
-19
Let x(z) = -z**3 + 5*z**2 - 2*z + 7. Let g(s) = 6*s - 8. Let h be g(2). Let b be ((-66)/(-5) - -1) + h/(-20). Let o = -9 + b. What is x(o)?
-3
Let h(j) = 3*j**3 + 2*j**2 - 8*j + 2. Let g(q) = -8*q**3 - 7*q**2 + 23*q - 6. Let r(v) = -4*g(v) - 11*h(v). Let x be ((-32)/2)/(-6 + (3 - 1)). What is r(x)?
18
Let m = -1088 - -1088. Let s(j) be the third derivative of 0 - 8*j**2 + 0*j**4 + 1/120*j**6 + 1/60*j**5 - 4/3*j**3 + m*j. Calculate s(0).
-8
Suppose 44*u = -2*u - 506. Let x(f) = f**3 + 11*f**2 - f + 9. Determine x(u).
20
Let u(y) be the first derivative of -y**4/4 + 3*y**3 - 3*y**2 + 2*y - 1119. Determine u(8).
18
Let a(k) be the first derivative of -k**3/3 - k**2/2 - 7*k - 2. Let g be -38 - (1 + -39) - -6. Calculate a(g).
-49
Let a(c) be the first derivative of 8*c - 18 - 1/2*c**2. Calculate a(6).
2
Let u be (-2)/(-18) - (13 - (-665)/(-171)). Let x(j) = 5*j + 37. Determine x(u).
-8
Let b = 5264 + -5265. Let p(j) = 2*j + 1. Let d be p(-3). Let c(i) = -i**2. Let r(w) = -w**3 + 10*w**2 - 5*w - 1. Let u(t) = b*r(t) + d*c(t). Calculate u(4).
5
Let t(y) = -y**3 - 39*y**2 - 75*y - 32. Suppose -170 = 94*j + 744 + 2564. What is t(j)?
5
Let y(h) = 3*h**3 - 14*h**2 + 15*h + 2. Let w(c) = 5*c**3 - 15*c**2 + 17*c - 2. Let g(d) = -2*w(d) + 3*y(d). Calculate g(-13).
36
Let h be ((-27)/18)/((-5)/310). Suppose -h*s + 86*s = 49. Let a(c) = -c**2 + c - 1. Let d(k) = 5*k**2 - 14*k + 11. Let q(y) = 6*a(y) + d(y). What is q(s)?
12
Let z(i) = -i**3 + 8*i + 8. Let t be z(-3). Suppose 2*b - j = -12, -j + 13 + t = -4*b. Let y(o) = -o**2 - o + o - 5*o + 6. What is y(b)?
0
Let k(p) = -7*p - 5*p - 336*p**3 + p**2 + 11 + 335*p**3 + 10*p**2. Let t be (-360)/(-35) - (-4)/(-14). Determine k(t).
-9
Let l(h) = -27*h + 77*h - h**3 - 32*h + 11 - 29*h + 14*h**2. Give l(13).
37
Let j be (-190)/57*6/(-10). Let m(w) = 6*w - 5 - w**2 + 9*w**2 - w**2 - 2*w**j - 6*w**2. Suppose 0*l + 4 = l. Calculate m(l).
3
Suppose -13*i - 5*i - 31 = 5. Let j(r) = r**3 - 4*r**2 - 3*r + 1. Calculate j(i).
-17
Suppose 0 = 3*j + j. Let l = 5569 - 5567. Suppose l*m + c + 10 = -c, 3*m - 3*c + 9 = j. Let w(v) = v**3 + 2*v**2 - 4*v. Determine w(m).
-16
Let l(y) = -y. Let j(h) = h + 1. Let f be j(2). Let m be 116/(-36) - -3 - 49/63. Let s be 1 + (m - -4)/f. Give l(s).
-2
Suppose 35 + 47 + 208 = 145*k. Let n(m) = -18*m**2 + 3*m - 1. What is n(k)?
-67
Let m(w) = 4*w - 73. Let j(a) = 2*a - 40. Let r(g) = -7*j(g) + 3*m(g). What is r(26)?
9
Let u(q) = 4*q**3 + 7*q**2 - 4*q + 10. Let t = -160 - -157. Let z(c) = 7*c**3 + 14*c**2 - 9*c + 20. Let b(r) = t*z(r) + 5*u(r). Determine b(-8).
-2
Let r(o) = -o + 12. Let l = -20 + 47. Suppose 5*u - 39*u = 281 + 25. Let w be u*1*(0 - 18/l). Calculate r(w).
6
Let r(y) = 11*y**3 - 81*y**2 + 20*y + 53. Let k(o) = 8*o**3 - 83*o**2 + 21*o + 53. Let h(q) = -5*k(q) + 4*r(q). Calculate h(-23).
-7
Suppose 0 = 5*m - 40, -3098*m + 9 = -5*g - 3100*m. Let u(f) = 4*f + 7. Let n(l) = -9*l - 15. Let d(x) = 3*n(x) + 7*u(x). What is d(g)?
-1
Let s be (-3)/(-4) + 81/36. Let n(u) = -1 + u**3 + 4*u + s*u**2 + 3 + 2*u**2 - 1. Suppose -3 = 5*v + 12. What is n(v)?
7
Let y(d) = d**3 + 9*d**2 + 8*d - 2. Suppose 14*a + 12 = 17*a. Let b be (-2 + 21/a)/((-5)/(-40)). Let r = -34 + b. Give y(r).
-2
Let p(n) = -2*n - 1. Let l(f) = 2*f + 2. Let t(c) = 3*l(c) + 4*p(c). Suppose 41*w = 19*w + 44. Calculate t(w).
-2
Let b(p) = -3 + 4*p**3 + 4 + 3*p**3. Let q(j) = -j**3 + 7*j**2 - 3*j + 13. Let m be q(3). Suppose -m*u = -15*u - 25. Calculate b(u).
8
Suppose -70131*v + 507 = -70118*v. Let n(d) be the second derivative of v*d + 0 + 3*d**2 - 1/3*d**3. What is n(7)?
-8
Let g(l) = l**2 + 1. Let a(f) = f**3 + 7*f**2 + 7*f + 8. Let w be a(-6). Suppose 0 = w*p - 3*y - y - 148, 0 = 4*p - 2*y - 266. Let k = p + -63. Determine g(k).
2
Let x(a) be the third derivative of -a**4/24 - 5*a**3/3 + 126*a**2. Determine x(-16).
6
Let n(i) be the first derivative of 0*i - 1/6*i**3 + 1/60*i**5 + 5/24*i**4 + 14*i**2 - 18. Let u(j) be the second derivative of n(j). What is u(-6)?
5
Let q = 27066 - 27062. Let p(b) = b**2 - 18*b + 43. Determine p(q).
-13
Suppose -2*y + 0*y = 4. Let c(m) = -4*m**2 + 26*m - 24. Let r(z) = -z**2 + 8*z - 8. Let l(p) = y*c(p) + 7*r(p). Determine l(-7).
13
Let h(c) be the third derivative of 0*c + 0 - 4/3*c**3 + 1/60*c**5 - 27*c**2 - 7/24*c**4. Give h(9).
10
Let i(o) = -o**2 + 10. Let g(v) = -5*v + 40. Let c be g(8). Give i(c).
10
Let a(h) = -65917*h - 15 + 32966*h + 32958*h. Give a(3).
6
Let i(x) = -2*x**2 + 26*x + 3. Let r be (2 + 7/21)/((-2)/(-6)). Suppose -2*d - 75 = 2*j - r*j, 4*j - 2*d = 62. What is i(j)?
3
Let o be (-1 - (-18)/10)/(40/100). Let l(p) = 2*p**2 + 53*p**3 - 1 + 54*p**3 - 1 - 105*p**3. Calculate l(o).
22
Let j(c) be the third derivative of -c**4/12 - 3*c**3 - 7302*c**2. Let m(k) = k - 2. Let v be m(-7). Give j(v).
0
Let f = -43 + 113. Suppose -f*u = -62*u + 56. Let p(g) be the first derivative of -g**2/2 - 12*g + 1. Determine p(u).
-5
Let f(v) be the first derivative of -2*v**3/3 - 7*v**2 + 27*v + 3185. Determine f(2).
-9
Suppose 8*k = m + 10*k + 12, 0 = -5*m - 4*k - 42. Let q(l) = -4*l - 30. Give q(m).
-6
Let g(k) be the first derivative of -k**4/12 + k**3/2 - 15*k**2/2 + k - 74. Let c(f) be the second derivative of g(f). Determine c(-3).
9
Let s(a) be the first derivative of -2*a**3/3 - 15*a**2 + 32*a - 1082. Give s(-15).
32
Let i(q) be the second derivative of -23*q - 11/2*q**2 + 0 + 3/2*q**3 - 1/12*q**4. Let x be (-114)/(-15) - 8/(-20). Calculate i(x).
-3
Suppose 0 = h + 3*s, 8*h + 3 = -4*s + 23. Suppose 16 = -i + 6*a - a, 3*a + h = 2*i. Let l(r) = r + 1. What is l(i)?
10
Let d = 8 + -23. Let x be 10/(-6) + (-10)/d. Let u(k) be the first derivative of 5*k**2/2 + k + 25. What is u(x)?
-4
Let v(m) = m**3 - 5*m**2 + 6*m + 4. Let k be v(4). Suppose -6 = 3*f - k. Let a(s) = 810 - 800 - 5*s + 0*s - 4*s**2 + 3*s**f. What is a(-7)?
-4
Let q(w) be the first derivative of 1/3*w**3 + 5/2*w**2 - 1/4*w**4 - 70 + w. What is q(3)?
-2
Let g(r) = 114*r + 167*r - 264*r + 16 + 25*r**2 - 22*r**2. What is g(-4)?
-4
Suppose 0 = -21*o + 18*o + 402. Suppose 137*u - o*u = 0. Let g(y) = -23 + u*y + 4 + y. What is g(0)?
-19
Let j(p) = -9 - 1 + 20 + 9*p**2 - 2 + 2*p**3. Let r(u) = u**3 + 2*u - 1. Let m(h) = j(h) - 3*r(h). Calculate m(8).
27
Let w(h) be the second derivative of h**5/60 + h**4/24 + 7*h**3/2 - 8*h. Let c(r) be the second derivative of w(r). Let s be (10 - 2) + (-12)/4. What is c(s)?
11
Suppose 0 = 3*p - y + 4*y - 33, -3*p + 27 = y. Let j(i) = -6*i - 9 + 12*i**3 + p*i**2 - 30*i**3 + 17*i**3. Calculate j(7).
-2
Let b(a) = -a**3 - a**2 - 4*a - 18. Suppose 0 = -6*y + 22 - 64, -4*g = 4*y + 28. Give b(g).
-18
Suppose 5*d + 229 = 69. Let i = d - -10. Let h = i + 17. Let r(x) = -x - 2. Give r(h).
3
Let l(a) be the third derivative of 0*a + 2 - 4*a**2 + 1/20*a**5 - 7/24*a**4 + 5/6*a**3. Give l(4).
25
Let v be 20 + 14 + -17 + -17. Let b(j) = 2*j**2 + 10*j - 5. What is b(v)?
-5
Let w(b) be the third derivative of b**5/30 + 13*b**3/6 - 32*b**2 + 5*b. Give w(-5).
63
Let n(c) be the third derivative of -c**4/24 + 5*c**3/3 + 413*c**2 + c. Let k = -39 + 39. What is n(k)?
10
Let p(t) = -15*t**3 - t**2. Let l be ((-6)/4)/((-1)/14). Suppose 5*r - 3*q = 9 - 190, 3*r - 2*q = -109. Let v be (-15)/r + (-30)/l. Calculate p(v).
14
Let t(g) = g - 4. Let d(m) = -224. Let c(v) = 3. Let p(l) = 80*c(l) + d(l). Let y(s) = -p(s) - 3*t(s). Calculate y(5).
-19
Let w(j) = 41*j + 2173. Let l be w(-53). Le